nd w.
5
Suppose -2*j + 2 = -8. Let q be (-144)/(-63) + -2 - 243/(-7). Calculate the greatest common factor of j and q.
5
Let b be 120*((-45)/(-10) - 4). Calculate the greatest common factor of 15 and b.
15
Let b(d) = 7*d - 4. Let m be b(7). What is the highest common factor of m and 18?
9
Suppose 4*p = -19 + 115. Calculate the highest common divisor of 12 and p.
12
Let k(f) = -2*f + 12. Let w be k(-9). Let i(q) = 21*q**2 - 1. Let z(r) = r - 5. Let n be z(6). Let p be i(n). What is the highest common factor of p and w?
10
Let h(k) = -k**2 - 10*k - 2. Let w be h(-9). Suppose -5 = -4*j + 3. Suppose -j*v - 2*v = -308. What is the greatest common divisor of v and w?
7
Let n(t) = 2*t**2 + 8*t - 3. Let l be n(8). What is the greatest common divisor of 27 and l?
27
Let a = -12 - -39. Suppose -29 - a = -4*s. What is the highest common factor of s and 14?
14
Suppose -5*m = -6 + 1, 3*o = -2*m + 587. Suppose 0 = -3*n + r + 3*r + 258, -2*n - 5*r + o = 0. What is the highest common divisor of 36 and n?
18
Suppose -c - 3*c + 12 = 0. Let w = 12 + 3. Calculate the highest common factor of w and c.
3
Suppose 2*q + 15 = -q, -2*q - 52 = -2*n. Let s = -11 + n. Calculate the highest common divisor of s and 40.
10
Suppose -10*f = -7*f - 12. What is the highest common divisor of f and 28?
4
Let c be 1*(-428)/(-8) + (-9)/(-6). Calculate the greatest common divisor of c and 22.
11
Suppose -5*r + q + q = -134, 88 = 3*r - 5*q. What is the highest common divisor of 182 and r?
26
Let m(c) = c**2 + 7*c + 25. Let b be m(-8). Let s = -4 - -26. Calculate the greatest common divisor of b and s.
11
Let b = -34 + 44. Calculate the greatest common factor of 10 and b.
10
Suppose -29 = -3*n + 19. Suppose t - n = -t. Calculate the highest common divisor of 8 and t.
8
Suppose -2*n - 1 = 1. Let q be 26 + (3 - n)/(-2). Calculate the greatest common factor of q and 3.
3
Let n = 822 + -404. Suppose 13*d - 11*d - n = 0. What is the highest common divisor of d and 19?
19
Let q = 24 - 21. Let i be (-1)/(q*3/(-18)). Calculate the highest common factor of 18 and i.
2
Let y(m) = -m**3 - 5*m**2 - 3*m - 2. Let c be y(-5). Suppose -2 = -l + c. What is the greatest common divisor of 15 and l?
15
Let x = -2 - -4. Let o = -6 + 7. Suppose -o = 3*f + 3*t - 16, 0 = -f + 2*t - 4. What is the greatest common divisor of x and f?
2
Let o be (1 - 4/6)*3. What is the greatest common divisor of 2 and o?
1
Let c(x) = -7*x**3 - 2*x**2 - 1. Let w be c(-3). Calculate the greatest common factor of w and 68.
34
Let k(x) = -19*x + 11. Let i be k(-7). Suppose -d = d - 36. Calculate the highest common divisor of i and d.
18
Suppose 5*p - 46 - 5 = 3*h, 2*h - 23 = -3*p. Let r be (-464)/(-3) - 6/p. Suppose -18 - 10 = -2*w. Calculate the highest common divisor of w and r.
14
Suppose 3*k - 8 = k. Let c = -3 + k. What is the greatest common divisor of 8 and c?
1
Let k(f) = -f**2 - 7*f - 1. Let p be k(-5). Suppose -2*i = -0*i + 2. Let d = i - -37. What is the greatest common divisor of d and p?
9
Suppose -3*r + 359 - 53 = 0. Calculate the greatest common factor of 17 and r.
17
Let h = 24 + 16. Calculate the greatest common factor of h and 5.
5
Suppose -4*r = -7*r + 42. What is the greatest common divisor of 14 and r?
14
Let l be (1 + -3)*3*-3. Suppose 5*a = 4 + 1. Let m be a/(((-15)/27)/(-5)). Calculate the highest common factor of m and l.
9
Let h = 15 - -13. Let o be (5/2)/((-1)/(-2)). Let i(c) = c**2 - 5*c + 7. Let n be i(o). Calculate the highest common factor of h and n.
7
Suppose -4*s = -9*s + 2*k + 165, 73 = 3*s + 4*k. Calculate the highest common factor of 341 and s.
31
Let y = 8 + 6. Let l be (-2)/(-14) - (-124)/y. What is the highest common divisor of l and 36?
9
Let k(t) = -12*t**3 - t - 1. Let f be k(-1). Let r be 194/6 - 3/9. Let l = r - 14. What is the greatest common factor of f and l?
6
Let r = 4 - 2. Let w = 13 + 1. Calculate the greatest common factor of w and r.
2
Suppose -2*f = -1 - 11. Let d be ((-15)/9)/((-2)/f). Suppose -5*z = d*i - 10, -5 = -4*z - i + 18. What is the greatest common divisor of 28 and z?
7
Let i(a) = a**3 - 30*a**2 + 41*a - 47. Let p be i(29). What is the highest common factor of p and 43?
43
Let l(z) = z**3 + 11*z**2 - 13*z - 11. Let h be l(-11). What is the greatest common factor of 33 and h?
33
Let v(d) = -3*d - 8. Let j(o) = -o - 8. Let z be j(0). Let n be v(z). Let w = 136 + -24. What is the highest common factor of n and w?
16
Suppose q + 5*v + 90 = 6*q, 5*v - 45 = -4*q. Calculate the highest common factor of q and 30.
15
Suppose 4*q - 2*q - 32 = 0. Let k = 224 + -48. What is the highest common factor of q and k?
16
Let i = -1 + 15. Suppose q = 4*w + 6*q - 7, -w - 5*q + 13 = 0. Let t(r) = 31*r**2 + 2. Let l be t(w). What is the highest common factor of i and l?
14
Let n(a) = 2*a**3 + 11*a**2 - 8*a - 9. Let u be n(-6). Calculate the greatest common divisor of 9 and u.
3
Let m(o) = -12*o + 3. Let j be m(-3). Suppose -g - 3*a = -29, -18 = -4*g + 5*a + 81. What is the greatest common factor of j and g?
13
Let g(y) = 2*y**2 - 8*y - 9. Let r be g(8). What is the greatest common divisor of r and 22?
11
Suppose -2*c - 27 = -153. Suppose -252 = -5*u + c. Let d(n) = 8*n - 1. Let l be d(1). What is the greatest common divisor of u and l?
7
Suppose 134 = -0*c - 2*c. Suppose -151 = 2*p + 51. Let x = c - p. Calculate the highest common factor of 17 and x.
17
Let y(k) = -17*k**3 + 1. Suppose 4*p = 2*i - 14, 14 = 3*i - 1. Let o be y(p). What is the greatest common divisor of 9 and o?
9
Let t be (-2)/((-356)/176 - -2). Calculate the highest common factor of 8 and t.
8
Suppose -3*m = a - 0*a - 298, m = 4*a + 82. Calculate the greatest common factor of m and 14.
14
Suppose 5*d - 14 = 3*p, 8*d - 5*p - 18 = 5*d. Suppose 5*j - 2*j = 15. Calculate the highest common divisor of d and j.
1
Let h = 9 - 6. Suppose 4*v - 5*b = 55, 6*b - b = -5*v + 80. Calculate the greatest common divisor of h and v.
3
Let l be 24/4*26/4. Let q(g) = g**2 - g + 1. Let o be q(2). Suppose -4*x = o*z - 55, 3*z - 4 = -z. Calculate the highest common divisor of x and l.
13
Suppose 5*b = -3*r - r + 80, 0 = 4*b - 3*r - 95. What is the greatest common factor of b and 10?
10
Suppose -21 = -2*d + j + 26, 4*d - 76 = -4*j. What is the highest common factor of 66 and d?
22
Let q be (-1)/(-3) - 8846/6. Let o be q/(-14) + 14/(-49). What is the highest common factor of o and 15?
15
Let s = -9 - -11. Let g be -3 + s - 1 - -19. What is the highest common divisor of g and 85?
17
Let i(c) = 16*c - 54. Let a be i(15). What is the greatest common factor of a and 31?
31
Let w(m) = m**2 + 3*m - 10. Let r be w(-9). Calculate the greatest common factor of 4 and r.
4
Let u = 4 + -3. Let t be (2 - (u + 0))*0. Suppose t*b + 5*b - 40 = 0. Calculate the highest common factor of b and 56.
8
Let m(w) = 2*w**2 + 17*w + 1. Let j be m(-11). Calculate the greatest common divisor of j and 84.
28
Let o = -41 + 74. Calculate the highest common factor of 297 and o.
33
Suppose 4*s + 2*z = 8, 0 = -3*s - 2*s + z + 24. Suppose -104 = -q - 3*q - 4*u, -s*q - 2*u + 106 = 0. What is the greatest common factor of q and 9?
9
Let k(n) = -8*n**3 - n**2 - n. Let h be k(-1). Suppose -f + 12 = h. Calculate the highest common divisor of f and 2.
2
Suppose -4*o = -15*o + 22. Calculate the greatest common factor of o and 1.
1
Suppose 4*q - 5 - 15 = 0. Let r(d) = 3*d - 8. Let p be r(q). What is the greatest common divisor of 14 and p?
7
Let n be 1*5/((-5)/(-42)). Suppose -3*p - n = -5*q, -4*q + p = 1 - 36. Calculate the highest common factor of 18 and q.
9
Let c(i) = i**3 - 5*i**2 - 7*i + 6. Let z be c(6). Let d = 10 - z. Suppose 5 = -f + d. What is the greatest common factor of 35 and f?
5
Let q be (-11)/11 - 62/(-2). Let z(g) = 11*g**3 + 2*g**2 - 1. Let c be z(1). What is the highest common divisor of c and q?
6
Suppose -2*o + 84 = v + o, 5*v - 3*o - 348 = 0. What is the greatest common divisor of 48 and v?
24
Suppose -10*q = -15*q + 440. What is the greatest common factor of 8 and q?
8
Suppose 0 = -3*l - 2*l + 30. Suppose 5*f + 102 = 3*i, i - f - 148 = -4*i. Let d = -17 + i. What is the highest common factor of l and d?
6
Let r be (-12)/42 - (-37)/7. Suppose 0*s + 12 = 3*s, -5*x = -r*s - 30. Let v be 2 - 0/(-1) - -28. Calculate the highest common factor of x and v.
10
Let a = 